 factors of -1 + (4 - 0) + 127 + 184?
2, 157
Let f = 754 - 595. List the prime factors of f.
3, 53
What are the prime factors of 4/10 - 45955/(-175)?
263
Suppose -2*y - 905 = -3*x, -4*x + y + 635 = -570. Let m = x + -120. What are the prime factors of m?
181
Suppose -h + 10 = 4*h. Suppose -h*w + 32 = -2. Suppose -29 = -2*m + w. List the prime factors of m.
23
Let i(a) be the first derivative of 26*a**3/3 - a**2 - 2*a - 13. Suppose -2*w = 2*k + 4 - 0, -5*w + k = 4. What are the prime factors of i(w)?
2, 13
Let w(k) = 2*k**2 + 7*k + 5. Let s be w(-4). Let b be 3/s + 11/3. What are the prime factors of 4/(-2)*(-46)/b?
23
Suppose -4*u + 17*k = 12*k - 12579, 5*u + 2*k - 15765 = 0. What are the prime factors of u?
23, 137
Suppose 3*u + 0 - 6 = 3*m, u - 10 = -m. Suppose u*w = 3*w + 6. Suppose -w*j + 17 + 27 = 0. List the prime factors of j.
2, 11
Let z = 42 - -978. Suppose -b - 592 = -3*i, 0*i - 5*b + z = 5*i. List the prime factors of i.
199
Let c be (12 + (-2 - 2))*1. Suppose -c*k - 45 = -293. What are the prime factors of k?
31
Let v(i) = -2*i + 1440 - 1467 - 11*i. List the prime factors of v(-10).
103
Let b(z) = 123*z**3 + 7*z**2 - z - 7. What are the prime factors of b(1)?
2, 61
Suppose 19*i = 14967 - 2313. What are the prime factors of i?
2, 3, 37
Let b = 13 - 13. Suppose -3*k - 3*k + 78 = b. List the prime factors of k.
13
Let s(f) = f**2 - 10*f + 5. Let a be s(10). Let n(r) = 21*r + 27. What are the prime factors of n(a)?
2, 3, 11
Let r(s) = -212*s - 33. Let u be r(-3). List the prime factors of (-5 - u/12)*-4.
13, 17
What are the prime factors of (7190/2)/5*2/2?
719
Let z(h) be the first derivative of -3/2*h**2 - 18*h + 10. What are the prime factors of z(-16)?
2, 3, 5
Let a(b) = b + 16. Let f be a(-9). Suppose -2*y + 248 = 3*o - f*y, -5*o + 410 = -5*y. What are the prime factors of o?
3
Let c = -3 - -7. Suppose -2*x = -2*g - x + 257, -x - 515 = -c*g. What are the prime factors of g?
3, 43
Let k = -26 + 50. Suppose -k - 28 = -2*l. What are the prime factors of l?
2, 13
Suppose -138 = -5*r - 38. Suppose -2*a + r + 4 = 0. What are the prime factors of (-294)/4*a/(-18)?
7
Let h = -28 + 31. Suppose 4*f = -4*b + 128, h*f = -f - 3*b + 124. List the prime factors of f.
2, 7
Suppose -2739 + 709 = -5*m. What are the prime factors of m?
2, 7, 29
Let a(i) = -2*i + 20. Let d = 10 - 23. List the prime factors of a(d).
2, 23
Let o = 6808 - 4242. List the prime factors of o.
2, 1283
Suppose 4*d + 5*n - 21 - 559 = 0, -3*d + 3*n = -408. Suppose -58 = -v - 5*s, 2*v + v - 2*s - d = 0. List the prime factors of v.
2, 3
Suppose 3580 = 8*x - 3436. What are the prime factors of x?
877
Suppose -10933 + 76243 = 30*j. What are the prime factors of j?
7, 311
Suppose 0 = 5*z - 2*g - 1534, 408 + 199 = 2*z - 3*g. Suppose 1185 = -303*a + z*a. What are the prime factors of a?
3, 79
Suppose -4*x = 2*f + 1 + 49, 33 = -3*x + 3*f. Let i = x - -33. What are the prime factors of i?
3, 7
Let r(z) be the third derivative of z**8/2520 + z**7/1680 + z**5/20 - 7*z**2. Let w(b) be the third derivative of r(b). List the prime factors of w(-2).
2, 13
Suppose 0 = 4*h - 1 - 19. Suppose -21*l = -20*l - h. What are the prime factors of l?
5
Suppose -13*n = -14*n + 3, 0 = f + 2*n - 1361. List the prime factors of f.
5, 271
Let a(k) = -2*k + 25. Let m(l) = -l**3 - 5*l**2 - 2*l - 4. Let d be m(-4). What are the prime factors of a(d)?
7
Suppose 14*g = 1835 - 365. What are the prime factors of g?
3, 5, 7
Let x = -1058 + 1267. List the prime factors of x.
11, 19
Suppose 3*h + g + g + 5 = 0, 3*h + 1 = -g. Let k(x) = 7*x - 4 + x + 15*x. What are the prime factors of k(h)?
19
Suppose 3*v - 897 = -3*a, -8*v + 12*v + 890 = 3*a. List the prime factors of a.
2, 149
Let d be 20/(4 - -1) + -18. List the prime factors of ((-21)/(-6))/((-1)/d).
7
Let r be 5 + (2 - (2 - 0)). Suppose -15*f + r*f = -1170. What are the prime factors of f?
3, 13
Let w = 125 - -138. List the prime factors of w.
263
Let w = 5 + 0. Let r be (-1 - w) + -6 + 10. List the prime factors of r + 48 + (0 - 1).
3, 5
Let v(m) = 2*m**3 + 43*m**2 + 17*m - 17. List the prime factors of v(-19).
5, 293
Let u(r) = -14*r + 6. Let h be 280/(-45) - (-4)/18. Let a be u(h). Suppose 0*i - a = -5*i. List the prime factors of i.
2, 3
Suppose 7*m - 12*m = -125. Let u be (-8)/(-32) - (-106)/(-8). Let b = u + m. List the prime factors of b.
2, 3
Let r = -391 - -955. List the prime factors of r.
2, 3, 47
Suppose -4*s + 15 + 5 = 0. Suppose s*o = 5*v - 10*v + 200, -v = 3*o - 126. What are the prime factors of o?
43
What are the prime factors of -469*(-4 - (-198)/63)?
2, 3, 67
Suppose 4*a = k + 14529, -8*a = -13*a + 4*k + 18164. What are the prime factors of a?
2, 227
Let h be (-4)/(-14) + 10/14. Let q be (-6 + 7)/(h/2). Suppose -q*r + 167 - 19 = 5*u, -4*r = -16. List the prime factors of u.
2, 7
Let f = -109 + 188. Let t(u) = -9*u**2 - 46*u - 4. Let r be t(-6). Let z = r + f. What are the prime factors of z?
3
What are the prime factors of ((-4 - 0) + 353)*(2 + -1)?
349
Suppose -7*j = -1876 + 7. Suppose -3*x + 197 = 2*i + 2*i, 4*x = -i + j. What are the prime factors of x?
67
Suppose 3*l + 1 - 7 = 0. Let w = 56 - 34. Suppose -d + w = -l. List the prime factors of d.
2, 3
Suppose 2*f + 3*r + 3 = -1, -4*f = 4*r. Suppose -324 = -f*j - 0*j. List the prime factors of j.
3
Suppose 7 + 49 = 2*g. Let v = 4 + g. What are the prime factors of v?
2
Let u(x) = -x**2 - x + 22. Let j be u(-5). Let c(w) = 15*w**3 - 6*w**2 + 3*w - 3. List the prime factors of c(j).
3, 11
Let x = -2648 - -5301. What are the prime factors of x?
7, 379
Let x(r) = 91*r - 173. What are the prime factors of x(5)?
2, 3, 47
Let v(p) = 2*p**2 - 6*p + 7. Let f be v(3). Let w(m) = -m**3 + 13*m**2 - 2*m + 2. What are the prime factors of w(f)?
2, 3, 47
Let w = -29 - -30. Suppose -549 = -5*r + 4*m, 3*m + w = 2*m. Suppose 2*y + 49 = -4*v + 259, 2*v + 5*y = r. List the prime factors of v.
2, 13
Let q be (1 + 0)*(3 - 6). Let d(b) = -5*b**3 + b**2 + 4*b - 1. Let l be d(q). Suppose -5*x = -2*m + 66, -l = -5*m + 2*x + 2*x. What are the prime factors of m?
23
Suppose -11739 = 46*l - 53*l. What are the prime factors of l?
3, 13, 43
Let v = 51 + -48. Suppose -156 = -2*l - 5*k, v*l - k + 6*k - 234 = 0. What are the prime factors of l?
2, 3, 13
Let w = 149 + -213. Let l = -83 + 44. Let f = l - w. List the prime factors of f.
5
Suppose 3*x = -10 - 5. What are the prime factors of 2 - 263/x - 16/(-40)?
5, 11
Suppose -5*a = -2*a - 5190. List the prime factors of a.
2, 5, 173
What are the prime factors of (1 - 5) + -4 - -269?
3, 29
Let u = 874 + -638. List the prime factors of u.
2, 59
Suppose -32 - 172 = -4*m. Suppose -c = -i - m, -6*c = -3*c + 5*i - 113. What are the prime factors of c?
2, 23
Let v(c) = -c**3 - 11*c**2 + 11*c - 12. Let m be v(-12). Let z(q) = q - 2. Let y be z(m). List the prime factors of (8/y - -4) + 23.
23
Let t(m) = 4*m**3 + m**2 - 13*m + 15. List the prime factors of t(3).
3, 31
Let l be (-8)/(-10)*(-2 + 7). Suppose 0 = l*m + m. Suppose m = -3*j + 5*j - 28. List the prime factors of j.
2, 7
Let u(g) = 5*g**2 + 3 - 4*g**2 - 6*g - 6. Let x be u(7). Suppose -2*y - x*z + 46 = 0, -2*y - 15 = -3*y + 2*z. What are the prime factors of y?
19
Suppose 22 = 4*m + 4*h - 6, -2*m - 3*h = -18. Suppose -3*z - q + m*q + 95 = 0, 0 = q + 1. What are the prime factors of z?
31
Let q = -20 - -17. Let k be (6/(-18))/(q/(-9)). Let m(w) = -7*w - 1. What are the prime factors of m(k)?
2, 3
Let z be 260/15 - 1/3. Suppose -1 = d - 0, 4*b - z = d. Suppose f - 169 = -5*r - 53, -b*r + 5*f + 116 = 0. What are the prime factors of r?
2, 3
What are the prime factors of 86364/72 - (-1)/2?
2, 3, 5
Let o(h) = -h**3 + h**2 - 14. Let j be o(0). Let t = 19 + j. List the prime factors of 170/t + -2*1.
2
Let g(c) = -10*c**3 - 13*c**2 - 5*c - 57. List the prime factors of g(-9).
3, 5, 83
Let y be 180 + 4/2 - 3. Let n(f) = y - 3*f + 0*f - 177. What are the prime factors of n(-8)?
2, 13
Suppose -5*s = -10, 0 = -4*t + 12*s - 7*s + 14654. List the prime factors of t.
2, 3, 13, 47
Let k(a) = 2*a + 6 + 3 - 6*a. List the prime factors of k(-5).
29
Let m(v) = -2*v**3 - 66*v**2 - 64*v - 65. List the prime factors of m(-33).
23, 89
Suppose -20 = 4*w - 5*x + 9, -3*w - 21 = -3*x. Let f = 52 + w. What are the prime factors of f?
2, 23
Let w = 2 